{"id":8542,"date":"2025-02-01T19:30:43","date_gmt":"2025-02-01T18:30:43","guid":{"rendered":"https:\/\/premiostrega.it\/PSS\/?page_id=8542"},"modified":"2026-02-25T17:35:44","modified_gmt":"2026-02-25T16:35:44","slug":"regolamento","status":"publish","type":"page","link":"https:\/\/premiostrega.it\/PSS\/regolamento\/","title":{"rendered":"Regolamento"},"content":{"rendered":"<p><strong>1.<\/strong> Il riconoscimento \u00e8 assegnato annualmente a un\u2019opera di saggistica scritta in lingua italiana, pubblicata in prima edizione tra il marzo dell\u2019anno precedente e il febbraio dell\u2019anno in corso (per la prima edizione: tra il 1\u00b0 gennaio 2024 e il 28 febbraio 2025).<\/p>\n<p><strong>2.<\/strong> Sono ammesse a partecipare esclusivamente opere di autori viventi al momento della selezione, provviste di codice ISBN e pubblicate da soggetti editoriali a diffusione nazionale. Non sono ammesse autopubblicazioni e opere pubblicate esclusivamente in formato digitale.<\/p>\n<p><strong>3.<\/strong> Gli organi del Premio \u2013 la cui sede \u00e8 la Fondazione Maria e Goffredo Bellonci \u2013 sono il Comitato promotore, il Comitato scientifico e la Giuria.<\/p>\n<p><strong>4.<\/strong> I componenti del Comitato scientifico e della Giuria restano in carica tre anni e possono essere riconfermati. Se autrici o autori di saggistica, non possono concorrere al Premio per tutta la durata del loro mandato.<\/p>\n<p><strong>5.<\/strong> Le date della selezione delle opere candidate (in numero di cinque per ogni edizione) e della proclamazione del libro premiato verranno comunicate di anno in anno.<\/p>\n<p><strong>Il Comitato promotore<\/strong><\/p>\n<p><strong>6.<\/strong> All\u2019organizzazione del Premio presiede un Comitato promotore composto da rappresentanti della Fondazione Maria e Goffredo Bellonci, della societ\u00e0 Strega Alberti Benevento e di Taobuk-Taormina Book Festival.<\/p>\n<p><strong>7.<\/strong> Spetta in particolare al Comitato promotore designare la Giuria del Premio, formata da almeno cinquanta personalit\u00e0 di indiscusso prestigio e competenza nel mondo dell\u2019accademia, della ricerca scientifica e del giornalismo d\u2019inchiesta e culturale. Tra queste, il Comitato promotore individuer\u00e0 inoltre il Comitato scientifico, formato da dieci componenti incluso il presidente.<\/p>\n<p><strong>8.<\/strong> Il Comitato promotore si riserva inoltre di assegnare annualmente un riconoscimento speciale a un saggista non italiano, le cui opere siano state tradotte nel nostro paese, per la sua capacit\u00e0 di stimolare in modo innovativo il dibattito pubblico.<\/p>\n<p><strong>Il Comitato scientifico <\/strong><\/p>\n<p><strong>9.<\/strong> Il Comitato scientifico ha il compito di individuare per ogni edizione le cinque opere candidate accertandosi che rispondano ai criteri di ammissibilit\u00e0.<\/p>\n<p><strong>10.<\/strong> Le opere prescelte dovranno approfondire argomenti di interesse collettivo illuminando la complessit\u00e0 del presente (a titolo esemplificativo: la tutela dell\u2019ambiente, la promozione della legalit\u00e0, l\u2019inclusivit\u00e0 e la tutela dei diritti civili, le sfide delle relazioni economiche e internazionali, l\u2019impatto sociale delle nuove tecnologie).<\/p>\n<p><strong>11.<\/strong> Il Comitato scientifico delibera a maggioranza; a parit\u00e0 di voti prevale il voto del presidente. Decade dall\u2019incarico il membro del Comitato che non abbia partecipato a tre riunioni consecutive.<\/p>\n<p><strong>La Giuria<\/strong><\/p>\n<p><strong>12.<\/strong> La Giuria \u00e8 chiamata a designare l\u2019opera vincitrice mediante il voto dei singoli componenti. Ogni giurato potr\u00e0 votare per un solo titolo scelto tra i cinque candidati.<\/p>\n<p><strong>13.<\/strong> All\u2019annuncio delle opere candidate, la segreteria del Premio provveder\u00e0 a inviarne una copia in formato cartaceo a ciascun componente della Giuria, unitamente alle informazioni necessarie all\u2019espressione del voto, che avverr\u00e0 esclusivamente per via telematica e in forma riservata.<\/p>\n<p><strong>14.<\/strong> Ciascun componente della Giuria \u2013 ferma restando l\u2019autonomia delle decisioni del Comitato scientifico \u2013 ha inoltre facolt\u00e0 di proporre un\u2019opera a suo giudizio meritevole di concorrere segnalandola alla segreteria del Premio entro il mese di febbraio di ogni anno.<\/p>\n<p><strong>Partecipazione degli autori e degli editori<\/strong><\/p>\n<p><strong>15.<\/strong> Nella fase di selezione, la segreteria richieder\u00e0 agli editori l\u2019invio tempestivo del testo in formato .pdf e di n. 10 copie in formato cartaceo di ciascun titolo proposto dai componenti del Comitato scientifico.<\/p>\n<p><strong>16.<\/strong> All&#8217;annuncio delle opere candidate, la segreteria richieder\u00e0 agli editori (1) di inviare il modulo predisposto di accettazione della candidatura firmato dall\u2019autore, (2) di mettere a disposizione a titolo gratuito le copie di ciascun titolo destinate alla Giuria secondo le disposizioni della segreteria.<\/p>\n<p><strong>17.<\/strong> L\u2019opera pi\u00f9 votata dalla Giuria tra le cinque candidate sar\u00e0 annunciata in una manifestazione pubblica per la quale \u00e8 richiesta la presenza di tutti gli autori in gara. La mancata presenza del vincitore alla manifestazione comporta di norma la perdita del Premio.<\/p>\n<p><strong>18.<\/strong> Gli autori sono inoltre chiamati a partecipare ad altre eventuali iniziative di promozione organizzate dal Premio, salvo documentati motivi d\u2019impedimento.<\/p>\n<p><strong>19.<\/strong> La mancata osservanza degli impegni sottoscritti e delle scadenze prefissate comporter\u00e0 l\u2019esclusione dalla competizione.<\/p>\n<p><strong>20.<\/strong> All\u2019autore dell\u2019opera vincitrice sar\u00e0 assegnato un riconoscimento in denaro del valore di Euro 5.000,00 (cinquemila\/00). In caso di parit\u00e0 di voti per il primo posto, il premio sar\u00e0 assegnato ex aequo.<\/p>\n","protected":false},"excerpt":{"rendered":"<p>1. Il riconoscimento \u00e8 assegnato annualmente a un\u2019opera di saggistica scritta in lingua italiana, pubblicata in prima edizione tra il marzo dell\u2019anno precedente e il febbraio dell\u2019anno in corso (per la prima edizione: tra il 1\u00b0 gennaio 2024 e il 28 febbraio 2025). 2. Sono ammesse a partecipare esclusivamente opere di autori viventi al momento [&hellip;]<\/p>\n","protected":false},"author":1,"featured_media":8609,"parent":0,"menu_order":0,"comment_status":"closed","ping_status":"closed","template":"","meta":{"footnotes":""},"class_list":["post-8542","page","type-page","status-publish","has-post-thumbnail","hentry"],"_links":{"self":[{"href":"https:\/\/premiostrega.it\/PSS\/wp-json\/wp\/v2\/pages\/8542","targetHints":{"allow":["GET"]}}],"collection":[{"href":"https:\/\/premiostrega.it\/PSS\/wp-json\/wp\/v2\/pages"}],"about":[{"href":"https:\/\/premiostrega.it\/PSS\/wp-json\/wp\/v2\/types\/page"}],"author":[{"embeddable":true,"href":"https:\/\/premiostrega.it\/PSS\/wp-json\/wp\/v2\/users\/1"}],"replies":[{"embeddable":true,"href":"https:\/\/premiostrega.it\/PSS\/wp-json\/wp\/v2\/comments?post=8542"}],"version-history":[{"count":6,"href":"https:\/\/premiostrega.it\/PSS\/wp-json\/wp\/v2\/pages\/8542\/revisions"}],"predecessor-version":[{"id":9442,"href":"https:\/\/premiostrega.it\/PSS\/wp-json\/wp\/v2\/pages\/8542\/revisions\/9442"}],"wp:featuredmedia":[{"embeddable":true,"href":"https:\/\/premiostrega.it\/PSS\/wp-json\/wp\/v2\/media\/8609"}],"wp:attachment":[{"href":"https:\/\/premiostrega.it\/PSS\/wp-json\/wp\/v2\/media?parent=8542"}],"curies":[{"name":"wp","href":"https:\/\/api.w.org\/{rel}","templated":true}]}}